culate r(554).
7
Let b(a) = -600*a - 57112. Give b(-95).
-112
Let l(v) = -2*v**3 - 125*v**2 - 1416*v + 117. What is l(-48)?
1269
Let l(h) = -750*h - 16537. Give l(-22).
-37
Let h(t) = -1548*t - 18598. What is h(-12)?
-22
Let g(d) = -d**3 - 17*d**2 + 153*d + 262. Determine g(-20).
-1598
Let i(a) = 12*a**3 - 278*a**2 - 833*a + 102. Give i(-3).
-225
Let o(c) = -3*c**3 - 39*c**2 + 199*c + 2344. Determine o(-14).
146
Let q(j) = 5038*j - 35222. What is q(7)?
44
Let y(n) = -n**2 + 15487*n + 139430. What is y(-9)?
-34
Let t(i) = -2*i**3 - 62*i**2 - 81*i - 4644. What is t(-32)?
-4
Let v(w) = 1575292*w - 3150597. What is v(2)?
-13
Let j(t) = t**3 + 418*t**2 + 1670*t - 11. Determine j(-4).
-67
Let k(v) = 751*v + 3481. Determine k(-4).
477
Let a(f) = -22*f**2 + 3795*f + 17536. What is a(177)?
13
Let h(b) = b**2 + 1250*b + 18465. What is h(-15)?
-60
Let o(b) = -303*b + 9398. Determine o(32).
-298
Let w(x) = 105*x**2 + 2728*x - 38. What is w(-26)?
14
Let x(w) = w**2 + 1017*w + 10917. Give x(-11).
-149
Let n(m) = -2*m**3 + 160*m**2 - 1152*m + 25. Determine n(8).
25
Let z(f) = 17303*f - 155712. Determine z(9).
15
Let s(q) = -57*q**2 + 43*q + 68. Calculate s(3).
-316
Let v(h) = -2*h**2 + 2722*h + 585977. Determine v(-189).
77
Let h(y) = 41403*y - 662472. Determine h(16).
-24
Let g(z) = -2*z**2 - 166*z + 52680. What is g(-209)?
12
Let o(r) = 14871*r - 386647. Determine o(26).
-1
Let b(a) = 54*a + 2976. Give b(-56).
-48
Let j(u) = u**3 - 134*u**2 - 595*u + 5461. What is j(138)?
-473
Let a(b) = -5*b**2 - 15066*b - 90351. Calculate a(-6).
-135
Let q(p) = 375*p + 15895. Determine q(-45).
-980
Let n(z) = 336*z**2 - 7763*z + 711. Calculate n(23).
-94
Let t(f) = -279*f - 11400. Determine t(-41).
39
Let n(y) = -16857*y + 252830. Calculate n(15).
-25
Let n(p) = -p**2 - 43*p + 1071. What is n(18)?
-27
Let a(k) = -19*k**3 - 1331*k**2 - 110*k - 2713. Give a(-70).
87
Let i(w) = -13931*w + 97506. Determine i(7).
-11
Let v(t) = t**2 - 100*t - 8027. Give v(151).
-326
Let c(i) = i**3 + 89*i**2 + 295*i - 140. Determine c(-4).
40
Let q(l) = l**3 + 179*l**2 - 2014*l + 14921. Give q(-190).
481
Let y(k) = 76*k**2 + 372*k - 435. Give y(1).
13
Let i(o) = -5*o**2 - 11516*o - 182964. Give i(-16).
12
Let r(f) = -7*f**3 - 6*f**2 + 35*f - 81. Determine r(3).
-219
Let n(b) = -2*b**2 + 173*b - 1488. Determine n(76).
108
Let r(y) = -y**3 + 764*y**2 + 8581*y - 43418. Give r(775).
-18
Let g(q) = 3*q**3 + 19514*q**2 - 58564*q - 9. What is g(3)?
6
Let v(a) = -7*a**3 + 169*a**2 - 12*a - 374. What is v(24)?
-86
Let s(a) = -3*a**3 - 56*a**2 + 65*a - 250. Determine s(-20).
50
Let c(z) = -z**2 + 438*z + 735303. What is c(-666)?
39
Let l(k) = -5*k**3 + 1134*k**2 - 841*k - 14243. What is l(226)?
-5
Let i(v) = v**3 + 31*v**2 - 44*v - 1379. Determine i(-31).
-15
Let i(d) = 9580*d - 766432. What is i(80)?
-32
Let t(c) = 586*c + 92274. Give t(-156).
858
Let h(j) = 429*j - 13847. Give h(32).
-119
Let r(k) = 6*k**3 - 425*k**2 + 439*k - 6255. Determine r(70).
-25
Let f(n) = n**3 + 66*n**2 + 742*n + 10161. Calculate f(-56).
-31
Let m(n) = -18229*n - 163984. Calculate m(-9).
77
Let k(y) = -138*y**2 + 4165*y - 4164. What is k(1)?
-137
Let q(j) = j**3 - 3*j**2 + 172*j - 601. What is q(4)?
103
Let y(l) = -389638*l + 1558549. Calculate y(4).
-3
Let h(s) = 49*s**3 - 338*s**2 - 41*s + 21. Give h(7).
-21
Let b(q) = -2*q**2 + 330*q + 3421. Determine b(-10).
-79
Let l(z) = -9*z**2 + 5406*z - 190867. What is l(563)?
-10
Let g(v) = -37*v**3 - 6*v**2 + 11*v + 14. Calculate g(-1).
34
Let q(r) = -405*r + 8208. Calculate q(21).
-297
Let n(c) = 17*c**3 + 78*c**2 + 661*c + 2473. What is n(-4)?
-11
Let c(v) = 291*v - 4333. Determine c(14).
-259
Let q(z) = 76*z + 12953. Give q(-153).
1325
Let c(u) = -21*u**2 + 2541*u - 6. Give c(121).
-6
Let y(g) = g**3 - 8*g**2 - 344*g + 3212. Give y(17).
-35
Let o(g) = -261*g**2 + 1575*g + 3149. Calculate o(-2).
-1045
Let g(v) = -v**3 + 9581*v - 19163. Give g(2).
-9
Let o(r) = -3*r**2 - 707*r - 11036. Calculate o(-220).
-696
Let p(a) = a**2 + 115*a - 5250. Give p(-154).
756
Let f(q) = 35157*q - 1757892. What is f(50)?
-42
Let w(u) = -241*u**2 + 99*u. What is w(-1)?
-340
Let n(j) = 1505912*j - 6023644. Give n(4).
4
Let q(v) = -14*v**2 - 109*v + 721. Determine q(8).
-1047
Let z(u) = -u**3 + 17*u**2 + 73*u + 107. Determine z(23).
-1388
Let m(z) = -z**3 + 19*z**2 - 36*z + 9. What is m(16)?
201
Let s(o) = 2*o**3 + 70*o**2 + 343*o - 4448. Give s(-24).
-8
Let b(o) = 2*o**2 - 41*o - 1804. Give b(-33).
1727
Let z(y) = -58301*y + 2448626. Give z(42).
-16
Let v(s) = -2*s**2 - 4456*s - 485983. What is v(-115)?
7
Let l(r) = -r**3 - 18*r**2 - 499*r - 7472. Give l(-16).
0
Let o(i) = -2*i**3 + 58*i**2 + 46*i + 446. Determine o(30).
26
Let f(k) = -7*k**2 - 41*k - 91. Calculate f(-18).
-1621
Let b(z) = -z**3 + 40*z**2 + 107*z - 4298. What is b(42)?
-3332
Let f(h) = 2*h**3 - 142*h**2 + 791*h + 239. Give f(65).
954
Let n(m) = -58898*m + 5889803. Give n(100).
3
Let d(x) = -63*x - 988. Give d(-22).
398
Let s(u) = 145*u**2 - 2836*u - 677. Determine s(20).
603
Let k(i) = -4411*i + 92632. What is k(21)?
1
Let f(v) = 18913*v + 132836. What is f(-7)?
445
Let v(x) = 98127*x + 196149. Give v(-2).
-105
Let l(z) = -z**2 + 5823*z - 75440. Calculate l(13).
90
Let h(r) = 661*r + 85239. Give h(-129).
-30
Let v(m) = m**3 - 213*m**2 + 9273*m - 188. Determine v(152).
-36
Let g(o) = -2*o**3 + 89*o**2 + 17*o - 4233. Calculate g(0).
-4233
Let x(r) = -r**2 + 332*r + 6027. Determine x(-17).
94
Let i(g) = 6*g**3 - 125*g**2 + 534*g - 80. Determine i(15).
55
Let x(t) = -13*t**3 + 697*t**2 - 1369*t - 11. Calculate x(2).
-65
Let a(k) = -827938*k + 827933. What is a(1)?
-5
Let k(w) = 11417*w + 194780. What is k(-17)?
691
Let n(j) = j**3 + 111*j**2 - 9175*j - 7470. What is n(-166)?
0
Let s(j) = 2*j**3 - 1033*j**2 + 4108*j + 8. Determine s(4).
40
Let n(r) = -3*r**3 + 3*r**2 - 6976*r + 6973. What is n(1)?
-3
Let t(f) = 2458*f - 44339. Determine t(18).
-95
Let o(n) = 4*n**3 + 13*n**2 + 317*n - 7. What is o(0)?
-7
Let v(q) = 33*q**2 + 14*q - 151. What is v(6)?
1121
Let h(j) = -j**2 - 60284*j - 421945. What is h(-7)?
-6
Let r(x) = 12*x**3 - x**2 - 265*x - 783. Determine r(-3).
-321
Let t(o) = 10*o**3 - 6*o**2 - 76*o + 157. Give t(2).
61
Let d(p) = p**3 - 14*p**2 + 84*p - 934. What is d(14)?
242
Let o(i) = -i**3 + 596*i**2 + 24772*i - 4429. Calculate o(635).
16
Let f(b) = -111*b - 18086. What is f(-198)?
3892
Let v(y) = y**2 - 108*y + 3447. What is v(46)?
595
Let y(s) = 3*s**3 + 127*s**2 - 627*s + 1462. Give y(-47).
5
Let m(d) = -88064*d - 18669570. Give m(-212).
-2
Let h(p) = p**3 - 12*p**2 - 144*p - 425. Calculate h(20).
-105
Let a(i) = -1331*i + 166374. What is a(125)?
-1
Let u(z) = -z**3 - 49*z**2 - 251*z + 47. Determine u(-6).
5
Let f(d) = -22079*d + 1523455. What is f(69)?
4
Let p(z) = -z**3 - 35*z**2 + 1406*z + 37537. What is p(-48)?
1
Let n(l) = -2*l**3 + 11*l**2 + 2693*l - 19160. What is n(7)?
-456
Let a(j) = 1540*j + 6178. Give a(-4).
18
Let w(v) = -v**3 + 25*v**2 + 2468*v - 57772. Give w(23).
50
Let g(q) = -2*q**3 + 36*q**2 + 7*q - 53. Determine g(17).
644
Let f(x) = -1512484*x + 6049924. Calculate f(4).
-12
Let u(h) = 598*h**2 + 434*h - 168. Calculate u(-1).
-4
Let p(j) = -5136*j - 611179. What is p(-119)?
5
Let f(l) = -l**2 + 2831*l - 506691. What is f(192)?
-3
Let i(o) = -63*o**2 + 1345*o - 439. Give i(21).
23
Let j(p) = -p**2 - 346*p - 25512. Give j(-106).
-72
Let j(n) = -30787*n - 2370605. Calculate j(-77).
-6
Let u(x) = -134*x**2 + 11799*x - 566. Determine u(88).
50
Let u(n) = -n**2 + 3008*n - 68693. What is u(23)?
-38
Let f(y) = 2242*y + 7111. Determine f(-3).
385
Let u(p) = -5657*p + 956038. What is u(169)?
5
Let s(g) = -3*g**3 - 222*g**2 + 451*g - 378. Determine s(-76).
2
Let d(h) = h**3 + 34*h**2 - 2969*h + 327. What is d(40)?
-33
Let a(v) = -116*v - 4308. What is a(-23)?
-1640
Let k(p) = 1350*p - 101282. Give k(75).
-32
Let j(r) = -2*r**3 + 22*r**2 + 24*r - 329. What is j(12)?
-329
Let o(p) = p**2 + 2439*p - 39189. Give o(16).
91
Let q(a) = -4617*a + 37101. Calculate q(8).
165
Let x(p) = -303605*p - 4250530. Determine x(-14).
-60
Let s(k) = k**3 - 384*k**2 + 11481*k + 35818. Give s(351).
16
Let f(z) = -691*z + 44535. What is f(65)?
-380
Let o(h) = 9*h**3 - 204*h**2 + 828*h + 41. What is o(4)?
665
Let m(i) = -3*i**3 + 18*i**